rime factors of 2231.
23, 97
What are the prime factors of 5210?
2, 5, 521
What are the prime factors of 13667?
79, 173
List the prime factors of 54583.
54583
What are the prime factors of 338?
2, 13
List the prime factors of 19114.
2, 19, 503
What are the prime factors of 1870?
2, 5, 11, 17
List the prime factors of 9553.
41, 233
List the prime factors of 10756.
2, 2689
List the prime factors of 150374.
2, 7, 23, 467
List the prime factors of 43680.
2, 3, 5, 7, 13
What are the prime factors of 37937?
59, 643
What are the prime factors of 2250?
2, 3, 5
What are the prime factors of 90991?
19, 4789
What are the prime factors of 1740?
2, 3, 5, 29
List the prime factors of 15.
3, 5
What are the prime factors of 1846?
2, 13, 71
List the prime factors of 29562.
2, 3, 13, 379
List the prime factors of 93.
3, 31
What are the prime factors of 2927?
2927
List the prime factors of 9765.
3, 5, 7, 31
What are the prime factors of 78?
2, 3, 13
List the prime factors of 393.
3, 131
List the prime factors of 88359.
3, 29453
List the prime factors of 3930.
2, 3, 5, 131
What are the prime factors of 11798?
2, 17, 347
What are the prime factors of 1276?
2, 11, 29
List the prime factors of 1460.
2, 5, 73
What are the prime factors of 1053?
3, 13
List the prime factors of 79166.
2, 23, 1721
What are the prime factors of 8730?
2, 3, 5, 97
What are the prime factors of 560?
2, 5, 7
What are the prime factors of 1206?
2, 3, 67
What are the prime factors of 3173?
19, 167
List the prime factors of 30857.
59, 523
What are the prime factors of 2832?
2, 3, 59
List the prime factors of 23387.
7, 13, 257
List the prime factors of 165.
3, 5, 11
What are the prime factors of 80111?
80111
What are the prime factors of 24186?
2, 3, 29, 139
List the prime factors of 5018.
2, 13, 193
List the prime factors of 42396.
2, 3, 3533
List the prime factors of 18961.
67, 283
List the prime factors of 11.
11
List the prime factors of 6247.
6247
List the prime factors of 6217.
6217
List the prime factors of 30851.
30851
List the prime factors of 12307.
31, 397
What are the prime factors of 24613?
151, 163
List the prime factors of 56880.
2, 3, 5, 79
List the prime factors of 17559.
3, 1951
What are the prime factors of 40259?
127, 317
List the prime factors of 6292.
2, 11, 13
List the prime factors of 2644.
2, 661
List the prime factors of 2263.
31, 73
What are the prime factors of 44827?
23, 1949
What are the prime factors of 25979?
83, 313
What are the prime factors of 3769?
3769
List the prime factors of 4348.
2, 1087
What are the prime factors of 9362?
2, 31, 151
What are the prime factors of 520?
2, 5, 13
What are the prime factors of 10192?
2, 7, 13
What are the prime factors of 556?
2, 139
What are the prime factors of 275?
5, 11
What are the prime factors of 1925?
5, 7, 11
What are the prime factors of 35754?
2, 3, 59, 101
What are the prime factors of 12952?
2, 1619
List the prime factors of 8086.
2, 13, 311
What are the prime factors of 6584?
2, 823
What are the prime factors of 1541?
23, 67
List the prime factors of 412.
2, 103
List the prime factors of 2771.
17, 163
List the prime factors of 29843.
11, 2713
List the prime factors of 64673.
7, 9239
List the prime factors of 2960.
2, 5, 37
List the prime factors of 702.
2, 3, 13
What are the prime factors of 1027?
13, 79
List the prime factors of 18424.
2, 7, 47
List the prime factors of 1555.
5, 311
List the prime factors of 2194.
2, 1097
What are the prime factors of 5583?
3, 1861
List the prime factors of 19885.
5, 41, 97
What are the prime factors of 28034?
2, 107, 131
List the prime factors of 608.
2, 19
What are the prime factors of 1014?
2, 3, 13
What are the prime factors of 9166?
2, 4583
What are the prime factors of 903?
3, 7, 43
List the prime factors of 77736.
2, 3, 41, 79
List the prime factors of 77728.
2, 7, 347
What are the prime factors of 4317?
3, 1439
What are the prime factors of 20603?
11, 1873
What are the prime factors of 27436?
2, 19
List the prime factors of 5746.
2, 13, 17
List the prime factors of 47740.
2, 5, 7, 11, 31
List the prime factors of 25538.
2, 113
What are the prime factors of 22693?
11, 2063
List the prime factors of 119552.
2, 467
What are the prime factors of 25560?
2, 3, 5, 71
List the prime factors of 13069.
7, 1867
What are the prime factors of 20976?
2, 3, 19, 23
What are the prime factors of 1606?
2, 11, 73
List the prime factors of 35498.
2, 17749
What are the prime factors of 2721?
3, 907
What are the prime factors of 433?
433
What are the prime factors of 8?
2
List the prime factors of 13065.
3, 5, 13, 67
What are the prime factors of 6493?
43, 151
List the prime factors of 1743.
3, 7, 83
What are the prime factors of 6485?
5, 1297
List the prime factors of 15639.
3, 13, 401
What are the prime factors of 1167?
3, 389
What are the prime factors of 947?
947
List the prime factors of 85735.
5, 13, 1319
List the prime factors of 1887.
3, 17, 37
List the prime factors of 6023.
19, 317
What are the prime factors of 144?
2, 3
What are the prime factors of 5421?
3, 13, 139
What are the prime factors of 126?
2, 3, 7
List the prime factors of 12944.
2, 809
List the prime factors of 4512.
2, 3, 47
What are the prime factors of 2903?
2903
List the prime factors of 883.
883
List the prime factors of 2371.
2371
What are the prime factors of 59744?
2, 1867
List the prime factors of 4255.
5, 23, 37
What are the prime factors of 769?
769
What are the prime factors of 2485?
5, 7, 71
What are the prime factors of 2822?
2, 17, 83
List the prime factors of 66255.
3, 5, 7, 631
What are the prime factors of 4270?
2, 5, 7, 61
List the prime factors of 68861.
13, 5297
What are the prime factors of 6145?
5, 1229
List the prime factors of 1240.
2, 5, 31
List the prime factors of 58452.
2, 3, 4871
What are the prime factors of 24787?
7, 3541
What are the prime factors of 774?
2, 3, 43
List the prime factors of 4444.
2, 11, 101
What are the prime factors of 3558?
2, 3, 593
List the prime factors of 1365.
3, 5, 7, 13
List the prime factors of 636.
2, 3, 53
List the prime factors of 6595.
5, 1319
What are the prime factors of 8016?
2, 3, 167
What are the prime factors of 11969?
11969
List the prime factors of 28504.
2, 7, 509
List the prime factors of 87313.
87313
List the prime factors of 4056.
2, 3, 13
What are the prime factors of 614?
2, 307
List the prime factors of 2464.
2, 7, 11
What are the prime factors of 72?
2, 3
What are the prime factors of 7130?
2, 5, 23, 31
What are the prime factors of 25112?
2, 43, 73
List the prime factors of 2231.
23, 97
List the prime factors of 50626.
2, 17, 1489
List the prime factors of 7225.
5, 17
List the prime factors of 26447.
53, 499
What are the prime factors of 462?
2, 3, 7, 11
What are the prime factors of 13031?
83, 157
What are the prime factors of 1194?
2, 3, 199
What are the prime factors of 16437?
3, 5479
What are the prime factors of 2366?
2, 7, 13
What are the prime factors of 5170?
2, 5, 11, 47
List the prime factors of 295.
5, 59
List the prime factors of 28753.
28753
What are the prime factors of 13976?
2, 1747
List the prime factors of 58854.
2, 3, 17, 577
What are the prime factors of 14839?
11, 19, 71
List the prime factors of 3449.
3449
List the prime factors of 11260.
2, 5, 563
What are the prime factors of 32707?
32707
What are the prime factors of 4417?
7, 631
List the prime factors of 30340.
2, 5, 37, 41
List the prime factors of 1581.
3, 17, 31
What are the prime factors of 87220?
2, 5, 7, 89
List the prime factors of 3752.
2, 7, 67
What are the prime factors of 1747?
1747
What are the prime factors of 30051?
3, 7, 53
List the prime factors of 8623.
8623
List the prime factors of 3473.
23, 151
List the prime factors of 49358.
2, 23, 29, 37
What are the prime factors of 58967?
58967
What are the prime factors of 24375?
3, 5, 13
List the prime factors of 28503.
3, 3167
List the prime factors of 15457.
13, 29, 41
List the prime factors of 13141.
17, 773
What are the prime factors of 734?
2, 367
What are the prime factors of 5407?
5407
List the prime factors of 292.
2, 73
List the prime factors of 9741.
3, 17, 191
What are the prime factors of 4933?
4933
What are the prime factors of 46093?
46093
What are the prime factors of 84111?
3, 23, 53
